ands digit of 58637?
8
What is the ten thousands digit of 3421343?
2
What is the units digit of 2812060?
0
What is the hundreds digit of 62049?
0
What is the units digit of 279865?
5
What is the thousands digit of 6556179?
6
What is the units digit of 172811?
1
What is the ten thousands digit of 1691674?
9
What is the ten thousands digit of 192391?
9
What is the units digit of 623866?
6
What is the millions digit of 1322056?
1
What is the units digit of 2010107?
7
What is the ten thousands digit of 8879846?
7
What is the tens digit of 633744?
4
What is the hundreds digit of 3015470?
4
What is the tens digit of 667029?
2
What is the hundred thousands digit of 1227364?
2
What is the hundreds digit of 2279982?
9
What is the hundreds digit of 42741176?
1
What is the thousands digit of 12048080?
8
What is the units digit of 7595076?
6
What is the tens digit of 316197?
9
What is the thousands digit of 10289984?
9
What is the hundreds digit of 12126507?
5
What is the ten thousands digit of 3826829?
2
What is the ten thousands digit of 19866995?
6
What is the hundred thousands digit of 35657174?
6
What is the ten thousands digit of 452375?
5
What is the millions digit of 7738591?
7
What is the hundred thousands digit of 12193702?
1
What is the hundred thousands digit of 11058565?
0
What is the ten thousands digit of 9533102?
3
What is the ten thousands digit of 404563?
0
What is the ten thousands digit of 1415932?
1
What is the ten thousands digit of 1026694?
2
What is the thousands digit of 113978?
3
What is the ten thousands digit of 26785008?
8
What is the units digit of 6093762?
2
What is the units digit of 7553140?
0
What is the ten thousands digit of 1270089?
7
What is the units digit of 364081?
1
What is the tens digit of 20026695?
9
What is the hundreds digit of 13841112?
1
What is the millions digit of 1104332?
1
What is the hundreds digit of 16088014?
0
What is the tens digit of 1933196?
9
What is the ten thousands digit of 288446?
8
What is the hundred thousands digit of 757695?
7
What is the ten thousands digit of 877052?
7
What is the ten thousands digit of 89167?
8
What is the tens digit of 981003?
0
What is the units digit of 3502395?
5
What is the tens digit of 5668390?
9
What is the ten thousands digit of 1131219?
3
What is the hundred thousands digit of 1094991?
0
What is the millions digit of 1296757?
1
What is the hundreds digit of 939145?
1
What is the hundreds digit of 151272?
2
What is the thousands digit of 395669?
5
What is the thousands digit of 27174681?
4
What is the hundreds digit of 200422?
4
What is the tens digit of 45616?
1
What is the ten thousands digit of 254270?
5
What is the hundred thousands digit of 270527?
2
What is the units digit of 123227?
7
What is the tens digit of 190012?
1
What is the units digit of 456114?
4
What is the hundreds digit of 2847465?
4
What is the ten thousands digit of 843664?
4
What is the millions digit of 4657376?
4
What is the hundred thousands digit of 1220272?
2
What is the ten thousands digit of 12919?
1
What is the hundred thousands digit of 346577?
3
What is the hundred thousands digit of 621339?
6
What is the tens digit of 422461?
6
What is the hundred thousands digit of 747575?
7
What is the hundred thousands digit of 1933561?
9
What is the units digit of 1076255?
5
What is the thousands digit of 7639986?
9
What is the hundred thousands digit of 8983047?
9
What is the tens digit of 4505358?
5
What is the hundred thousands digit of 1116020?
1
What is the units digit of 820674?
4
What is the tens digit of 9175353?
5
What is the tens digit of 226808?
0
What is the units digit of 399911?
1
What is the hundreds digit of 4863151?
1
What is the hundred thousands digit of 12891163?
8
What is the tens digit of 214134?
3
What is the thousands digit of 209922?
9
What is the hundreds digit of 99879?
8
What is the hundreds digit of 249470?
4
What is the thousands digit of 76821?
6
What is the hundreds digit of 15363971?
9
What is the thousands digit of 8204931?
4
What is the units digit of 847030?
0
What is the tens digit of 1425868?
6
What is the thousands digit of 13243?
3
What is the hundred thousands digit of 5184003?
1
What is the hundreds digit of 719593?
5
What is the tens digit of 20808207?
0
What is the thousands digit of 188246?
8
What is the hundreds digit of 1942118?
1
What is the tens digit of 34514965?
6
What is the units digit of 956178?
8
What is the hundreds digit of 91223?
2
What is the hundreds digit of 535309?
3
What is the ten thousands digit of 6263439?
6
What is the hundreds digit of 280925?
9
What is the thousands digit of 3908718?
8
What is the ten thousands digit of 313466?
1
What is the hundred thousands digit of 1206361?
2
What is the tens digit of 208571?
7
What is the millions digit of 1328089?
1
What is the hundred thousands digit of 819699?
8
What is the millions digit of 17414979?
7
What is the hundreds digit of 757047?
0
What is the hundreds digit of 294555?
5
What is the millions digit of 7310936?
7
What is the thousands digit of 4082009?
2
What is the units digit of 67819?
9
What is the tens digit of 758817?
1
What is the tens digit of 271338?
3
What is the thousands digit of 1002687?
2
What is the ten thousands digit of 1409391?
0
What is the ten thousands digit of 617987?
1
What is the units digit of 4247620?
0
What is the tens digit of 511689?
8
What is the millions digit of 1234402?
1
What is the ten millions digit of 27937475?
2
What is the tens digit of 1436916?
1
What is the hundreds digit of 231499?
4
What is the millions digit of 4367575?
4
What is the ten thousands digit of 1329556?
2
What is the hundreds digit of 236140?
1
What is the hundred thousands digit of 809590?
8
What is the units digit of 290990?
0
What is the units digit of 760705?
5
What is the units digit of 37787093?
3
What is the hundred thousands digit of 460773?
4
What is the units digit of 1106?
6
What is the thousands digit of 7983106?
3
What is the ten thousands digit of 124962?
2
What is the ten thousands digit of 980325?
8
What is the hundreds digit of 242575?
5
What is the ten thousands digit of 628328?
2
What is the tens digit of 903445?
4
What is the ten thousands digit of 2368907?
6
What is the millions digit of 16330495?
6
What is the ten thousands digit of 298706?
9
What is the units digit of 11254704?
4
What is the thousands digit of 555999?
5
What is the ten thousands digit of 174077?
7
What is the hundred thousands digit of 4276252?
2
What is the hundreds digit of 1590558?
5
What is the hundred thousands digit of 4042842?
0
What is the hundreds digit of 38828959?
9
What is the tens digit of 194171?
7
What is the ten thousands digit of 1798586?
9
What is the hundreds digit of 1072016?
0
What is the thousands digit of 225538?
5
What is the ten thousands digit of 35509193?
0
What is the tens digit of 4208524?
2
What is the tens digit of 300211?
1
What is the thousands digit of 33037?
3
What is the millions digit of 9413919?
9
What is the hundreds digit of 15408990?
9
What is the thousands digit of 242407?
2
What is the hundred thousands digit of 108760?
1
What is the hundred thousands digit of 1287729?
2
What is the units digit of 1238150?
0
What is the hundreds digit of 5665270?
2
What is the ten thousands digit of 483286?
8
What is the hundred thousands digit of 711955?
7
What is the tens digit of 2977237?
3
What is the units digit of 701505?
5
What is the hundred thousands digit of 332155?
3
What is the tens digit of 871151?
5
What is the tens digit of 2475070?
7
What is the ten thousands digit of 4454194?
5
What is the thousands digit of 3796351?
6
What is the thousands digit of 416582?
6
What is the units digit of 830051?
1
What is the units digit of 1497186?
6
What is the millions digit of 2900855?
2
What is the ten thousands digit of 364448?
6
What is the tens digit of 3122739?
3
What is the hundreds digit of 612542?
5
What is the millions digit of 1303817?
1
What is the hundred thousands digit of 479550?
4
What is the hundred thousands digit of 315615?
3
What is the tens digit of 5700181?
8
What is the units digit of 2770176?
6
What is the thousands digit of 9990715?
0
What is the hundred thousands digit of 1249960?
2
What is the hundred thousands digit of